 -10 + (-12 - (-12 - 13)).
3
Evaluate -10 + (0 + -9 - -10).
-9
What is (-11 - -15) + 16 - 17?
3
(-86 + 88 - (1 + 7)) + 14
8
What is -41 - (-5 + -25 + 7)?
-18
What is the value of 12 + (-6 - 2) + 3 + 0 + -3?
4
What is (8 - 3) + (-7 - (0 - -2))?
-4
(1 - -4 - 7) + 10 + (-2 - 1)
5
(4 - 8 - (8 - -2)) + (1 - 0)
-13
What is 37 + -21 - 36 - -28?
8
What is the value of -24 - -1 - (2 + -2 + -8) - -1?
-14
What is the value of -8 + 0 + 29 + (24 - 39)?
6
Calculate 2 + (-5 - 17) - (-48 + 33).
-5
Evaluate -5 + 35 - (212 + -197).
15
-9 + (-1 - -2) + 12
4
Evaluate -17 - (-6 + -6 - (-4 + (-8 - -1))).
-16
-9 + 7 + 1 - -9 - (30 + 1)
-23
What is the value of 15 + (3 + 5 - 9) - 31?
-17
Calculate -1 - 5 - (-12 + 3 + 7).
-4
What is (6 + -12 + 18 - 24) + -2?
-14
What is the value of 29 + -30 - (-1 + 12)?
-12
Evaluate (-1 - 0) + (5 + -12 - -14) + -29.
-23
What is -1 + -33 + 37 + -20?
-17
What is -3 + (-4 - 0) + 215 + -212?
-4
-9 - -4 - (-18 + 18) - -16
11
Evaluate 47 + -44 - (10 + -2).
-5
What is the value of (-2 - -2) + 2 + (6 - 8) + -1?
-1
(1 - 2) + -12 + -19 + 34
2
Calculate -14 - (-1 + 7 + 6 + -15).
-11
Calculate (-10 - (-8 + (2 - 0)) - -4) + 11.
11
23 + -40 + -12 + (-2 - 4) + 2
-33
What is the value of -11 + (-1 - (6 - 13 - -3)) + -1?
-9
What is the value of 1 + (15 - (24 - 3))?
-5
Calculate -75 - (-46 - -4) - 6.
-39
Calculate 5 - (-38 + 46 + (1 - 4) + 2).
-2
What is 0 + (2 + -5 + (-6 - -7) - -4)?
2
What is the value of (-3 - (10 - (10 - 5))) + 9?
1
Evaluate 25 + -6 + -91 + 86.
14
Evaluate (-46 - 7) + 163 + -116.
-6
What is the value of (-4 - 4) + (2 - -16) - 31?
-21
2 - (0 + -1) - (-5 + 1 + 6)
1
What is the value of (17 - 17) + -3 + (4 - -2)?
3
(-38 - -31) + 4 + 5
2
Calculate 2 + 15 + -1 + -43 + 54.
27
What is -6 + (7 - -1) + (-3 - 2)?
-3
-6 + 6 + 6 + (-3 - 5)
-2
-31 + -13 + 25 - -8 - 10
-21
Evaluate 15 - ((13 - -21) + (2 - -2)).
-23
What is (13 - 32) + -17 - (-8 - (-2 - -3))?
-27
What is the value of -1 + 2 + -13 + (-6 - -24)?
6
What is the value of 0 + -2 + 18 + -9 + -9 + -8?
-10
Evaluate 9 + (-45 - -11) + 13.
-12
What is 5 + 1 + 28 + -31?
3
What is the value of 18 - (-2 - (9 + -8)) - 7?
14
What is -1 + -1 - (-4 - (6 + -7))?
1
(-24 - -11) + (-17 - -48)
18
Calculate 5 - (2 - 25 - (-6 + 22 + -17)).
27
What is -6 - 1 - ((-3 - 2) + -48 + 48)?
-2
(61 - 5 - 15) + (-3 + -4 - 4)
30
(-16 - (7 + -19)) + (0 - -2 - 0)
-2
Evaluate (3 + 2 + 3 - 20) + -8 + 5.
-15
Calculate 1 - (26 - 4 - (2 + 1)).
-18
Calculate (1 - (12 - 5)) + 1 + 1.
-4
What is (1 - -22) + 23 + (-2 - 27)?
17
What is 17 - (78 - 40 - 52)?
31
Evaluate -13 - (-14 + 1) - -11.
11
Evaluate 18 + -7 + (0 - (-1 - -3)) + 0.
9
What is 5 + (-26 - (-7 - -1))?
-15
What is the value of (413 - 375) + -1 + -57?
-20
What is the value of -12 + (-1 - 0 - (64 - 70)) - -11?
4
Calculate 3 + 0 + (12 - 16) - -5.
4
Evaluate -24 + (21 - (-4 + 5)).
-4
Calculate -23 - (4 + (-15 - -28) + -32).
-8
Calculate -2 + 22 + (92 - 74).
38
What is -17 - (-6 - 10) - -5?
4
What is 6 - (-13 - -9) - 8?
2
Calculate (3 - -8) + (-13 - -6) - (-5 + 2).
7
(-1 - 4) + (-11 + -6 - -4)
-18
-24 - (10 + -23) - -14
3
What is 1 - 13 - (-4 - (-2 - (6 - 1)))?
-15
42 - 50 - (-27 + -3 + 3 + 1)
18
What is the value of 20 + -10 + -1 + -2 + 2?
9
(-9 - (-13 + (14 - 20))) + 2
12
What is 19 - (-19 + (50 + 1 - 15))?
2
Evaluate -31 - (14 - -2 - 12).
-35
Evaluate 0 + 17 - (58 - (-38 - -97)).
18
What is 0 - (6 + 6 - 39)?
27
-2 + (1 - 1) + (-631 - -638)
5
What is 2 + -17 - (-4 - -3)?
-14
What is the value of -23 + (67 - 42) + -41?
-39
Evaluate (9 + -17 + -6 - (1 - 5)) + 6.
-4
Calculate 14 - ((3 - -4 - (4 + -3)) + 0).
8
-13 + -2 - (1 + -1 + -8)
-7
Evaluate 3 + 0 + (38 - 37) - 6 - -8.
6
Calculate 2 - 17 - (21 + -30 + 17 + -4).
-19
(6 - (-4 - -11)) + (9 + -15 - 0)
-7
What is the value of -6 - (1 + 0 - 5 - (-260 - -263))?
1
Calculate -8 + -28 + (7 - (-9 - -4)).
-24
(-2 - (4 + -6) - (15 + -12)) + -17
-20
What is 8 - 1 - (-2 + 14 - 6)?
1
Evaluate -92 - -95 - (13 + 1 + -3).
-8
(15 - 7) + 189 + -230
-33
Evaluate (-10 - (-3 - (7 - 5)) - 9) + 0.
-14
Evaluate -4 + (-2 - (2 + -6)).
-2
Evaluate -14 - (3 + 0 + -1 + -3 - 0).
-13
Evaluate -14 - (16 - (50 + -25)).
-5
What is 2 - ((-9 - (-16 - 2)) + 2 + -3)?
-6
What is (-15 - -23) + (-4 - (-3 - 2)) + 18?
27
(-4 - 31) + (44 - 34) + -3 + 0
-28
What is -8 - (11 + -10 + (-7 - 5))?
3
Calculate -3 + (-7 - (-10 - -4) - 10) + 2.
-12
What is -5 - (5 - 2 - -4 - (-1 - -8))?
-5
What is -12 - -18 - (3 + -6)?
9
Evaluate (21 - (29 + -21)) + 19.
32
-3 - (-11 - (-2 + (-7 - -4))) - 1
2
Calculate (11 + 8 - 20) + (-1 - 2).
-4
(-4 - (4 - 28) - 35) + (3 - -1)
-11
Calculate 17 + (5 - -6) + -42.
-14
What is (-2 + -9 - 7) + 2 + -2 + -8?
-26
What is the value of 4 + 0 - (6 - (-3 - (-15 - -3)))?
7
What is -4 + (-21 + 11 - -28 - 0)?
14
Evaluate -7 + (-52 - -50 - ((0 - -3) + -1)).
-11
What is -36 + 33 + 1 + 0?
-2
What is the value of -1 - (1 + -15) - (-1326 + 1357)?
-18
Evaluate -5 + (9 - 6) + 14.
12
What is the value of -7 + (10 + -7 + -6 - -3)?
-7
What is -4 - (-13 + (7 - -1))?
1
Evaluate 105 + -85 - (29 + -9).
0
Evaluate (-4 - 23) + -11 + 24.
-14
Calculate -7 - -14 - -14 - 32.
-11
What is the value of 13 + 40 + (-24 - 3) - (-9 - 1)?
36
What is -5 + (-15 - (9 + -10) - -26)?
7
-43 - (-5 + -11 - 10)
-17
-6 + 0 - (2 + 3)
-11
587 + -581 - (-13 - 0)
19
Calculate -165 + 160 - (-2 + 2).
-5
What is 10 + (-19 - (1 + -7)) + -10?
-13
-8 + 2 + -3 + 4
-5
-8 + (-1 + 10 - (4 + 3))
-6
What is 27 - (-10 + 9 + (-6 - -10)) - 1?
23
What is 12 + -52 - -12 - -24?
-4
0 + -11 + -2 + -14 + 26
-1
What is the value of (9 - 20 - -21 - 11) + (0 - 4)?
-5
Evaluate -7 - ((-1 - -7) + -13).
0
What is -8 - -5 - (-45 + 30)?
12
What is the value of (5 - 4) + 6 + -1 + -5?
1
-27 + (0 + 60 - 31)
2
Calculate -15 + -2 - -5 - -7.
-5
Calculate -1 + (45 - 39) - (12 + 1).
-8
-43 + 36 - (-12 + 4)
1
What is 7 - (-1 + (-14 - -1 - -13))?
8
What is (21 + -9 - -16) + (-4 - 1)?
23
What is 6 + (-21 + -4 - 0)?
-19
What is the value of 2 + -4 + -7 - (8 + -9) - -22?
14
What is (0 - (15 + -8)) + -7 + 2?
-12
Calculate -41 + 15 + 8 - -43.
25
What is the value of (-3 + -24 + 9 - -10 - -9) + 10?
11
Evaluate -7 + -23 - (-13 - -12 - 6).
-23
What is the value of (-19 - -15 - (5 - -5)) + 9?
-5
Evaluate -5 + -7 + (12 - (2 + 2)) + 8.
4
Calculate 11 + 2 - (3 - -1).
9
What is (0 - (22 + -15)) + 3?
-4
(7 - 4 - 3 - 0) + -1 - -13
12
Calculate (8 - 2) + 1 + (22 - (16 + 6)).
7
Evaluate 8 + 3 + -2 + (-29 - -23).
3
4 + (-36 - (3 + -3)) - -16
-16
Calculate 0 - 9 - -1 - ((49 - 37) + -4).
-16
-4 - (-6 + 12 - 4 - -3)
-9
What is 4 - -16 - ((-5 - (-12 + -3)) + -11)?
21
What is the value of 16 + (-10 + -17 - -7)?
-4
Evaluate -2 + (45 - 44 - ((1 - 0) + -5)).
3
Evaluate 166 + -146 + 0 + -29.
-9
What is 18 + (-20 - 15) + -2?
-19
Calculate -4 + 4 - (72 + -69).
-3
-1 + 2 + (-6 - 1 - 4)
-10
Calculate 11 - (-7 + (13 - 9) + 0).
14
Evaluate -7 + (3 - (-2 - -2) - -4) + 0.
0
Calculate 10 + (16 - 30) + -9 - -27.
14
Calculate (10 - 14 - 11) + 10 + -4.
-9
What is 5 + 2 + (-5 - -2) - (1255 + -1274)?
23
What is 0 - (-17 - -3 - (-17 + 8))?
5
What is 2 + (1 + -9 - -11) + -11?
-6
Evaluate -4 + (5 - 3) + (-17 + 8 - 3).
-14
-4 - (-27 - -11) - (1 - 8 - -3)
16
Calculate (5 - 7) + 0 + -2 + -4 - 4.
-12
What is the value of 17 - (-20 + 14 - (1 - (3 - -1)))?
20
-6 + -10 + 6 + 2 + 7
-1
What is 8 + 7 + (2 - (-4 + (5 - -2)))?
14
What is the value of -2894 + 2893 + ((-1 - 0) + 1 - 15)?
-16
What is 10 + -6 + 44 + -44?
4
Calculate (3 - 9) + 11 - 2 - (2 - -19).
-18
9 - (16 - (-17 + 5 + 5))
-14
Calculate (9 - 14) + 18 - (11 - 21).
23
Evaluate (-15 - (-2 - 29)) + -8.
8
Evaluate -1 + 16 + -2 - (-48 - -34).
27
What is (1 - -6) + 8 + -1?
14
Evaluate -24 + 17 + 8 - -24.
25
1 - (-2 + (-28 - (12 + -25)))
18
What is the value of 2 - -2 - (-1 - (1 - 3)) - 2?
1
What is (0 - (-11 - -7)) + -1 - (6 + -9)?
6
Calculate 318 - 294 - (1 - -39).
-16
Calculate (-24 - (-21 + -12)) + (-1 - -17).
25
21 + 8 + (-3 - -2 - 0) - -1
29
What is the value of 55 + -19 - 13 - 33?
-10
Evaluate 4 + (14 - (21 + -8) - 23).
-18
What is the value of 31 + -49 - (-2 + -12)?
-4
Evaluate (7 - 1) + (9 - 14) + (8 - 2).
7
-57 + 6 + 20 + (1 - -12)
-18
What is the value of -10 - (-3 - 6) - -1?
0
What is -6 + 14 - ((3 - 1) + 14)?
-8
Evaluate -7 + 7 + -2 + -6 + 7.
-1
What is the value of 4 - (3 + -2 - (7 + 0 - -7))?
17
Evaluate 2 + -1 -